{"id":1527,"date":"2016-12-23T18:23:00","date_gmt":"2016-12-23T20:23:00","guid":{"rendered":"http:\/\/muraldeaventuras.com.br\/\/parceiros"},"modified":"2022-12-20T16:29:06","modified_gmt":"2022-12-20T19:29:06","slug":"parceiros","status":"publish","type":"page","link":"https:\/\/muraldeaventuras.com.br\/blog\/o-clube\/parceiros\/","title":{"rendered":"Parceiros"},"content":{"rendered":"\n<p class=\"has-text-align-center\">Lojas de bike parceiras do Mural de Aventuras, nelas poder\u00e1 encontrar produtos, servi\u00e7os e orienta\u00e7\u00e3o especializada \ud83d\udc4d\ud83d\ude09<\/p>\n\n\n\n<div class=\"wp-block-image\"><figure class=\"aligncenter size-large is-resized\"><img loading=\"lazy\" decoding=\"async\" data-attachment-id=\"51961\" data-permalink=\"https:\/\/muraldeaventuras.com.br\/blog\/o-clube\/parceiros\/image1-1-2\/\" data-orig-file=\"https:\/\/muraldeaventuras.com.br\/blog\/wp-content\/uploads\/2020\/09\/image1-1.jpeg\" data-orig-size=\"736,736\" data-comments-opened=\"1\" data-image-meta=\"{&quot;aperture&quot;:&quot;0&quot;,&quot;credit&quot;:&quot;&quot;,&quot;camera&quot;:&quot;&quot;,&quot;caption&quot;:&quot;&quot;,&quot;created_timestamp&quot;:&quot;0&quot;,&quot;copyright&quot;:&quot;&quot;,&quot;focal_length&quot;:&quot;0&quot;,&quot;iso&quot;:&quot;0&quot;,&quot;shutter_speed&quot;:&quot;0&quot;,&quot;title&quot;:&quot;&quot;,&quot;orientation&quot;:&quot;1&quot;}\" data-image-title=\"image1-1\" data-image-description=\"\" data-image-caption=\"\" data-medium-file=\"https:\/\/muraldeaventuras.com.br\/blog\/wp-content\/uploads\/2020\/09\/image1-1-300x300.jpeg\" data-large-file=\"https:\/\/muraldeaventuras.com.br\/blog\/wp-content\/uploads\/2020\/09\/image1-1.jpeg\" src=\"https:\/\/muraldeaventuras.com.br\/blog\/wp-content\/uploads\/2020\/09\/image1-1.jpeg\" alt=\"\" class=\"wp-image-51961\" width=\"200\" height=\"200\" srcset=\"https:\/\/muraldeaventuras.com.br\/blog\/wp-content\/uploads\/2020\/09\/image1-1.jpeg 736w, https:\/\/muraldeaventuras.com.br\/blog\/wp-content\/uploads\/2020\/09\/image1-1-300x300.jpeg 300w, https:\/\/muraldeaventuras.com.br\/blog\/wp-content\/uploads\/2020\/09\/image1-1-150x150.jpeg 150w, https:\/\/muraldeaventuras.com.br\/blog\/wp-content\/uploads\/2020\/09\/image1-1-270x270.jpeg 270w, https:\/\/muraldeaventuras.com.br\/blog\/wp-content\/uploads\/2020\/09\/image1-1-600x600.jpeg 600w, https:\/\/muraldeaventuras.com.br\/blog\/wp-content\/uploads\/2020\/09\/image1-1-100x100.jpeg 100w\" sizes=\"auto, (max-width: 200px) 100vw, 200px\" \/><figcaption> Av. Centen\u00e1rio, 2992, Loja 402, Shopping Barra, Salvador-BA<br>  <a href=\"https:\/\/wa.me\/5571981154073\">(71)98115-4073<\/a> WhatsApp  <br> (71) 3506-5217<br><a href=\"https:\/\/instagram.com\/alphabikeoficial?utm_medium=copy_link\">@alphabikeoficial<\/a><br> <a rel=\"noreferrer noopener\" href=\"https:\/\/muraldeaventuras.com.br\/blog\/conveniados\/alphabikebr@gmail.com\" target=\"_blank\">alphabikebr@gmail.com<\/a> <\/figcaption><\/figure><\/div>\n\n\n\n<div class=\"wp-block-image\"><figure class=\"aligncenter size-large is-resized\"><img loading=\"lazy\" decoding=\"async\" data-attachment-id=\"52080\" data-permalink=\"https:\/\/muraldeaventuras.com.br\/blog\/o-clube\/parceiros\/atlantico-bike-quadrado\/\" data-orig-file=\"https:\/\/muraldeaventuras.com.br\/blog\/wp-content\/uploads\/2021\/07\/Atlantico-Bike-Quadrado.jpg\" data-orig-size=\"1368,1368\" data-comments-opened=\"1\" data-image-meta=\"{&quot;aperture&quot;:&quot;0&quot;,&quot;credit&quot;:&quot;&quot;,&quot;camera&quot;:&quot;&quot;,&quot;caption&quot;:&quot;&quot;,&quot;created_timestamp&quot;:&quot;0&quot;,&quot;copyright&quot;:&quot;&quot;,&quot;focal_length&quot;:&quot;0&quot;,&quot;iso&quot;:&quot;0&quot;,&quot;shutter_speed&quot;:&quot;0&quot;,&quot;title&quot;:&quot;&quot;,&quot;orientation&quot;:&quot;1&quot;}\" data-image-title=\"Atlantico-Bike-Quadrado\" data-image-description=\"\" data-image-caption=\"\" data-medium-file=\"https:\/\/muraldeaventuras.com.br\/blog\/wp-content\/uploads\/2021\/07\/Atlantico-Bike-Quadrado-300x300.jpg\" data-large-file=\"https:\/\/muraldeaventuras.com.br\/blog\/wp-content\/uploads\/2021\/07\/Atlantico-Bike-Quadrado-1024x1024.jpg\" src=\"https:\/\/muraldeaventuras.com.br\/blog\/wp-content\/uploads\/2021\/07\/Atlantico-Bike-Quadrado-1024x1024.jpg\" alt=\"\" class=\"wp-image-52080\" width=\"200\" height=\"200\" srcset=\"https:\/\/muraldeaventuras.com.br\/blog\/wp-content\/uploads\/2021\/07\/Atlantico-Bike-Quadrado-1024x1024.jpg 1024w, https:\/\/muraldeaventuras.com.br\/blog\/wp-content\/uploads\/2021\/07\/Atlantico-Bike-Quadrado-300x300.jpg 300w, https:\/\/muraldeaventuras.com.br\/blog\/wp-content\/uploads\/2021\/07\/Atlantico-Bike-Quadrado-150x150.jpg 150w, https:\/\/muraldeaventuras.com.br\/blog\/wp-content\/uploads\/2021\/07\/Atlantico-Bike-Quadrado-768x768.jpg 768w, https:\/\/muraldeaventuras.com.br\/blog\/wp-content\/uploads\/2021\/07\/Atlantico-Bike-Quadrado-270x270.jpg 270w, https:\/\/muraldeaventuras.com.br\/blog\/wp-content\/uploads\/2021\/07\/Atlantico-Bike-Quadrado-600x600.jpg 600w, https:\/\/muraldeaventuras.com.br\/blog\/wp-content\/uploads\/2021\/07\/Atlantico-Bike-Quadrado-100x100.jpg 100w, https:\/\/muraldeaventuras.com.br\/blog\/wp-content\/uploads\/2021\/07\/Atlantico-Bike-Quadrado.jpg 1368w\" sizes=\"auto, (max-width: 200px) 100vw, 200px\" \/><figcaption>Lauro de Freitas &#8211; BA<br><a href=\"https:\/\/wa.me\/5571997348379\">(71) 99734-8379<\/a> WhatsApp<br> LOJA 01 &#8211; Av. Luiz Tarqu\u00ednio (71) 3369-0855<br> LOJA 02 &#8211; Estrada do C\u00f4co (71) 3508-2184<br> <a href=\"https:\/\/instagram.com\/atlanticobike?utm_medium=copy_link\">@atlanticobike<\/a><\/figcaption><\/figure><\/div>\n\n\n\n<div class=\"wp-block-image\"><figure class=\"aligncenter size-medium is-resized\"><a href=\"https:\/\/wa.me\/5571981347827\"><img loading=\"lazy\" decoding=\"async\" data-attachment-id=\"52073\" data-permalink=\"https:\/\/muraldeaventuras.com.br\/blog\/conveniados\/jna-sports-magazine-do-ciclista\/logo-jpg-quadrado-3\/\" data-orig-file=\"https:\/\/muraldeaventuras.com.br\/blog\/wp-content\/uploads\/2021\/05\/LOGO-JPG-QUADRADO-2.jpg\" data-orig-size=\"500,500\" data-comments-opened=\"1\" data-image-meta=\"{&quot;aperture&quot;:&quot;0&quot;,&quot;credit&quot;:&quot;&quot;,&quot;camera&quot;:&quot;&quot;,&quot;caption&quot;:&quot;&quot;,&quot;created_timestamp&quot;:&quot;0&quot;,&quot;copyright&quot;:&quot;&quot;,&quot;focal_length&quot;:&quot;0&quot;,&quot;iso&quot;:&quot;0&quot;,&quot;shutter_speed&quot;:&quot;0&quot;,&quot;title&quot;:&quot;&quot;,&quot;orientation&quot;:&quot;0&quot;}\" data-image-title=\"LOGO JPG QUADRADO\" data-image-description=\"\" data-image-caption=\"\" data-medium-file=\"https:\/\/muraldeaventuras.com.br\/blog\/wp-content\/uploads\/2021\/05\/LOGO-JPG-QUADRADO-2-300x300.jpg\" data-large-file=\"https:\/\/muraldeaventuras.com.br\/blog\/wp-content\/uploads\/2021\/05\/LOGO-JPG-QUADRADO-2.jpg\" src=\"https:\/\/muraldeaventuras.com.br\/blog\/wp-content\/uploads\/2021\/05\/LOGO-JPG-QUADRADO-2-300x300.jpg\" alt=\"\" class=\"wp-image-52073\" width=\"200\" height=\"200\" srcset=\"https:\/\/muraldeaventuras.com.br\/blog\/wp-content\/uploads\/2021\/05\/LOGO-JPG-QUADRADO-2-300x300.jpg 300w, https:\/\/muraldeaventuras.com.br\/blog\/wp-content\/uploads\/2021\/05\/LOGO-JPG-QUADRADO-2-150x150.jpg 150w, https:\/\/muraldeaventuras.com.br\/blog\/wp-content\/uploads\/2021\/05\/LOGO-JPG-QUADRADO-2-270x270.jpg 270w, https:\/\/muraldeaventuras.com.br\/blog\/wp-content\/uploads\/2021\/05\/LOGO-JPG-QUADRADO-2-100x100.jpg 100w, https:\/\/muraldeaventuras.com.br\/blog\/wp-content\/uploads\/2021\/05\/LOGO-JPG-QUADRADO-2.jpg 500w\" sizes=\"auto, (max-width: 200px) 100vw, 200px\" \/><\/a><figcaption>R. Direta de Tancredo Neves, 650 &#8211; Tancredo Neves, Salvador-BA<br><a href=\"https:\/\/wa.me\/5571981347827\"> (71) 98134-7827<\/a> WhatsApp <br> (71) 3371-2880<br><a href=\"https:\/\/instagram.com\/jnasport?utm_medium=copy_link\">@jnasport<\/a><br> <a href=\"https:\/\/www.jnasports.com.br\/\">https:\/\/www.jnasports.com.br\/<\/a> <\/figcaption><\/figure><\/div>\n\n\n\n<div class=\"wp-block-image\"><figure class=\"aligncenter size-large is-resized\"><a href=\"https:\/\/wa.me\/5571981347827\"><img loading=\"lazy\" decoding=\"async\" data-attachment-id=\"52241\" data-permalink=\"https:\/\/muraldeaventuras.com.br\/blog\/conveniados\/tem-bike\/tem-bike\/\" data-orig-file=\"https:\/\/muraldeaventuras.com.br\/blog\/wp-content\/uploads\/2022\/12\/Tem-Bike.jpeg\" data-orig-size=\"1080,1080\" data-comments-opened=\"1\" data-image-meta=\"{&quot;aperture&quot;:&quot;0&quot;,&quot;credit&quot;:&quot;&quot;,&quot;camera&quot;:&quot;&quot;,&quot;caption&quot;:&quot;&quot;,&quot;created_timestamp&quot;:&quot;0&quot;,&quot;copyright&quot;:&quot;&quot;,&quot;focal_length&quot;:&quot;0&quot;,&quot;iso&quot;:&quot;0&quot;,&quot;shutter_speed&quot;:&quot;0&quot;,&quot;title&quot;:&quot;&quot;,&quot;orientation&quot;:&quot;0&quot;}\" data-image-title=\"Tem Bike\" data-image-description=\"\" data-image-caption=\"\" data-medium-file=\"https:\/\/muraldeaventuras.com.br\/blog\/wp-content\/uploads\/2022\/12\/Tem-Bike-300x300.jpeg\" data-large-file=\"https:\/\/muraldeaventuras.com.br\/blog\/wp-content\/uploads\/2022\/12\/Tem-Bike-1024x1024.jpeg\" src=\"http:\/\/muraldeaventuras.com.br\/blog\/wp-content\/uploads\/2022\/12\/Tem-Bike-1024x1024.jpeg\" alt=\"\" class=\"wp-image-52241\" width=\"200\" height=\"200\" srcset=\"https:\/\/muraldeaventuras.com.br\/blog\/wp-content\/uploads\/2022\/12\/Tem-Bike-1024x1024.jpeg 1024w, https:\/\/muraldeaventuras.com.br\/blog\/wp-content\/uploads\/2022\/12\/Tem-Bike-300x300.jpeg 300w, https:\/\/muraldeaventuras.com.br\/blog\/wp-content\/uploads\/2022\/12\/Tem-Bike-150x150.jpeg 150w, https:\/\/muraldeaventuras.com.br\/blog\/wp-content\/uploads\/2022\/12\/Tem-Bike-768x768.jpeg 768w, https:\/\/muraldeaventuras.com.br\/blog\/wp-content\/uploads\/2022\/12\/Tem-Bike-270x270.jpeg 270w, https:\/\/muraldeaventuras.com.br\/blog\/wp-content\/uploads\/2022\/12\/Tem-Bike-600x600.jpeg 600w, https:\/\/muraldeaventuras.com.br\/blog\/wp-content\/uploads\/2022\/12\/Tem-Bike-100x100.jpeg 100w, https:\/\/muraldeaventuras.com.br\/blog\/wp-content\/uploads\/2022\/12\/Tem-Bike.jpeg 1080w\" sizes=\"auto, (max-width: 200px) 100vw, 200px\" \/><\/a><figcaption>  Av. Otavio Mangabeira, 1311. Na Concession\u00e1ria Guebor Toyota, Pituba. Salvador-BA <br><a href=\"https:\/\/wa.me\/5571992155713\"> (71) 99215-5713<\/a> WhatsApp <br><a href=\"https:\/\/www.instagram.com\/lojatembike\/\">@lojatembike<\/a><\/figcaption><\/figure><\/div>\n\n\n\n<div class=\"wp-block-image\"><figure class=\"aligncenter is-resized\"><img loading=\"lazy\" decoding=\"async\" data-attachment-id=\"51774\" data-permalink=\"https:\/\/muraldeaventuras.com.br\/blog\/conveniados\/ramiro-bike-shop\/ramiro_site_mural\/\" data-orig-file=\"https:\/\/muraldeaventuras.com.br\/blog\/wp-content\/uploads\/2017\/11\/ramiro_site_mural.jpg\" data-orig-size=\"964,964\" data-comments-opened=\"1\" data-image-meta=\"{&quot;aperture&quot;:&quot;0&quot;,&quot;credit&quot;:&quot;&quot;,&quot;camera&quot;:&quot;&quot;,&quot;caption&quot;:&quot;&quot;,&quot;created_timestamp&quot;:&quot;0&quot;,&quot;copyright&quot;:&quot;&quot;,&quot;focal_length&quot;:&quot;0&quot;,&quot;iso&quot;:&quot;0&quot;,&quot;shutter_speed&quot;:&quot;0&quot;,&quot;title&quot;:&quot;&quot;,&quot;orientation&quot;:&quot;1&quot;}\" data-image-title=\"ramiro_site_mural\" data-image-description=\"\" data-image-caption=\"\" data-medium-file=\"https:\/\/muraldeaventuras.com.br\/blog\/wp-content\/uploads\/2017\/11\/ramiro_site_mural-300x300.jpg\" data-large-file=\"https:\/\/muraldeaventuras.com.br\/blog\/wp-content\/uploads\/2017\/11\/ramiro_site_mural.jpg\" src=\"http:\/\/muraldeaventuras.com.br\/blog\/wp-content\/uploads\/2017\/11\/ramiro_site_mural.jpg\" alt=\"\" class=\"wp-image-51774\" width=\"200\" height=\"200\" srcset=\"https:\/\/muraldeaventuras.com.br\/blog\/wp-content\/uploads\/2017\/11\/ramiro_site_mural.jpg 964w, https:\/\/muraldeaventuras.com.br\/blog\/wp-content\/uploads\/2017\/11\/ramiro_site_mural-300x300.jpg 300w, https:\/\/muraldeaventuras.com.br\/blog\/wp-content\/uploads\/2017\/11\/ramiro_site_mural-150x150.jpg 150w, https:\/\/muraldeaventuras.com.br\/blog\/wp-content\/uploads\/2017\/11\/ramiro_site_mural-768x768.jpg 768w, https:\/\/muraldeaventuras.com.br\/blog\/wp-content\/uploads\/2017\/11\/ramiro_site_mural-270x270.jpg 270w, https:\/\/muraldeaventuras.com.br\/blog\/wp-content\/uploads\/2017\/11\/ramiro_site_mural-600x600.jpg 600w, https:\/\/muraldeaventuras.com.br\/blog\/wp-content\/uploads\/2017\/11\/ramiro_site_mural-100x100.jpg 100w\" sizes=\"auto, (max-width: 200px) 100vw, 200px\" \/><figcaption> Rod. BA 099 km 4,5 &#8211; Estrada do coco, Posto BR Villa\u00e7a&nbsp;&#8211; Loja 06,&nbsp;Lauro de Freitas-BA<br><a href=\"https:\/\/wa.me\/5571992261794\">(71) 99226-1794<\/a> WhatsApp<br>(71) 3369-0853<br><a href=\"https:\/\/instagram.com\/ramirobikeshopp?utm_medium=copy_link\">@ramirobikeshopp<\/a> <\/figcaption><\/figure><\/div>\n","protected":false},"excerpt":{"rendered":"<p>Lojas de bike parceiras do Mural de Aventuras, nelas poder\u00e1 encontrar produtos, servi\u00e7os e orienta\u00e7\u00e3o especializada \ud83d\udc4d\ud83d\ude09<\/p>\n","protected":false},"author":3,"featured_media":0,"parent":14,"menu_order":0,"comment_status":"closed","ping_status":"closed","template":"","meta":{"_acf_changed":false,"footnotes":""},"class_list":["post-1527","page","type-page","status-publish","hentry"],"better_featured_image":null,"acf":[],"yoast_head":"<!-- This site is optimized with the Yoast SEO plugin v27.2 - https:\/\/yoast.com\/product\/yoast-seo-wordpress\/ -->\n<title>Parceiros - Mural de Aventuras<\/title>\n<meta name=\"robots\" content=\"index, follow, max-snippet:-1, max-image-preview:large, max-video-preview:-1\" \/>\n<link rel=\"canonical\" href=\"https:\/\/muraldeaventuras.com.br\/blog\/o-clube\/parceiros\/\" \/>\n<meta property=\"og:locale\" content=\"pt_BR\" \/>\n<meta property=\"og:type\" content=\"article\" \/>\n<meta property=\"og:title\" content=\"Parceiros - Mural de Aventuras\" \/>\n<meta property=\"og:description\" content=\"Lojas de bike parceiras do Mural de Aventuras, nelas poder\u00e1 encontrar produtos, servi\u00e7os e orienta\u00e7\u00e3o especializada \ud83d\udc4d\ud83d\ude09\" \/>\n<meta property=\"og:url\" content=\"https:\/\/muraldeaventuras.com.br\/blog\/o-clube\/parceiros\/\" \/>\n<meta property=\"og:site_name\" content=\"Mural de Aventuras\" \/>\n<meta property=\"article:modified_time\" content=\"2022-12-20T19:29:06+00:00\" \/>\n<meta property=\"og:image\" content=\"https:\/\/muraldeaventuras.com.br\/blog\/wp-content\/uploads\/2020\/09\/image1-1.jpeg\" \/>\n<meta name=\"twitter:card\" content=\"summary_large_image\" \/>\n<meta name=\"twitter:label1\" content=\"Est. tempo de leitura\" \/>\n\t<meta name=\"twitter:data1\" content=\"1 minuto\" \/>\n<script type=\"application\/ld+json\" class=\"yoast-schema-graph\">{\"@context\":\"https:\/\/schema.org\",\"@graph\":[{\"@type\":\"WebPage\",\"@id\":\"https:\/\/muraldeaventuras.com.br\/blog\/o-clube\/parceiros\/\",\"url\":\"https:\/\/muraldeaventuras.com.br\/blog\/o-clube\/parceiros\/\",\"name\":\"Parceiros - Mural de Aventuras\",\"isPartOf\":{\"@id\":\"https:\/\/muraldeaventuras.com.br\/blog\/#website\"},\"primaryImageOfPage\":{\"@id\":\"https:\/\/muraldeaventuras.com.br\/blog\/o-clube\/parceiros\/#primaryimage\"},\"image\":{\"@id\":\"https:\/\/muraldeaventuras.com.br\/blog\/o-clube\/parceiros\/#primaryimage\"},\"thumbnailUrl\":\"https:\/\/muraldeaventuras.com.br\/blog\/wp-content\/uploads\/2020\/09\/image1-1.jpeg\",\"datePublished\":\"2016-12-23T20:23:00+00:00\",\"dateModified\":\"2022-12-20T19:29:06+00:00\",\"breadcrumb\":{\"@id\":\"https:\/\/muraldeaventuras.com.br\/blog\/o-clube\/parceiros\/#breadcrumb\"},\"inLanguage\":\"pt-BR\",\"potentialAction\":[{\"@type\":\"ReadAction\",\"target\":[\"https:\/\/muraldeaventuras.com.br\/blog\/o-clube\/parceiros\/\"]}]},{\"@type\":\"ImageObject\",\"inLanguage\":\"pt-BR\",\"@id\":\"https:\/\/muraldeaventuras.com.br\/blog\/o-clube\/parceiros\/#primaryimage\",\"url\":\"https:\/\/muraldeaventuras.com.br\/blog\/wp-content\/uploads\/2020\/09\/image1-1.jpeg\",\"contentUrl\":\"https:\/\/muraldeaventuras.com.br\/blog\/wp-content\/uploads\/2020\/09\/image1-1.jpeg\"},{\"@type\":\"BreadcrumbList\",\"@id\":\"https:\/\/muraldeaventuras.com.br\/blog\/o-clube\/parceiros\/#breadcrumb\",\"itemListElement\":[{\"@type\":\"ListItem\",\"position\":1,\"name\":\"In\u00edcio\",\"item\":\"https:\/\/muraldeaventuras.com.br\/blog\/\"},{\"@type\":\"ListItem\",\"position\":2,\"name\":\"O Mural\",\"item\":\"https:\/\/muraldeaventuras.com.br\/blog\/o-clube\/\"},{\"@type\":\"ListItem\",\"position\":3,\"name\":\"Parceiros\"}]},{\"@type\":\"WebSite\",\"@id\":\"https:\/\/muraldeaventuras.com.br\/blog\/#website\",\"url\":\"https:\/\/muraldeaventuras.com.br\/blog\/\",\"name\":\"Mural de Aventuras\",\"description\":\"\",\"potentialAction\":[{\"@type\":\"SearchAction\",\"target\":{\"@type\":\"EntryPoint\",\"urlTemplate\":\"https:\/\/muraldeaventuras.com.br\/blog\/?s={search_term_string}\"},\"query-input\":{\"@type\":\"PropertyValueSpecification\",\"valueRequired\":true,\"valueName\":\"search_term_string\"}}],\"inLanguage\":\"pt-BR\"}]}<\/script>\n<!-- \/ Yoast SEO plugin. -->","yoast_head_json":{"title":"Parceiros - Mural de Aventuras","robots":{"index":"index","follow":"follow","max-snippet":"max-snippet:-1","max-image-preview":"max-image-preview:large","max-video-preview":"max-video-preview:-1"},"canonical":"https:\/\/muraldeaventuras.com.br\/blog\/o-clube\/parceiros\/","og_locale":"pt_BR","og_type":"article","og_title":"Parceiros - Mural de Aventuras","og_description":"Lojas de bike parceiras do Mural de Aventuras, nelas poder\u00e1 encontrar produtos, servi\u00e7os e orienta\u00e7\u00e3o especializada \ud83d\udc4d\ud83d\ude09","og_url":"https:\/\/muraldeaventuras.com.br\/blog\/o-clube\/parceiros\/","og_site_name":"Mural de Aventuras","article_modified_time":"2022-12-20T19:29:06+00:00","og_image":[{"url":"https:\/\/muraldeaventuras.com.br\/blog\/wp-content\/uploads\/2020\/09\/image1-1.jpeg","type":"","width":"","height":""}],"twitter_card":"summary_large_image","twitter_misc":{"Est. tempo de leitura":"1 minuto"},"schema":{"@context":"https:\/\/schema.org","@graph":[{"@type":"WebPage","@id":"https:\/\/muraldeaventuras.com.br\/blog\/o-clube\/parceiros\/","url":"https:\/\/muraldeaventuras.com.br\/blog\/o-clube\/parceiros\/","name":"Parceiros - Mural de Aventuras","isPartOf":{"@id":"https:\/\/muraldeaventuras.com.br\/blog\/#website"},"primaryImageOfPage":{"@id":"https:\/\/muraldeaventuras.com.br\/blog\/o-clube\/parceiros\/#primaryimage"},"image":{"@id":"https:\/\/muraldeaventuras.com.br\/blog\/o-clube\/parceiros\/#primaryimage"},"thumbnailUrl":"https:\/\/muraldeaventuras.com.br\/blog\/wp-content\/uploads\/2020\/09\/image1-1.jpeg","datePublished":"2016-12-23T20:23:00+00:00","dateModified":"2022-12-20T19:29:06+00:00","breadcrumb":{"@id":"https:\/\/muraldeaventuras.com.br\/blog\/o-clube\/parceiros\/#breadcrumb"},"inLanguage":"pt-BR","potentialAction":[{"@type":"ReadAction","target":["https:\/\/muraldeaventuras.com.br\/blog\/o-clube\/parceiros\/"]}]},{"@type":"ImageObject","inLanguage":"pt-BR","@id":"https:\/\/muraldeaventuras.com.br\/blog\/o-clube\/parceiros\/#primaryimage","url":"https:\/\/muraldeaventuras.com.br\/blog\/wp-content\/uploads\/2020\/09\/image1-1.jpeg","contentUrl":"https:\/\/muraldeaventuras.com.br\/blog\/wp-content\/uploads\/2020\/09\/image1-1.jpeg"},{"@type":"BreadcrumbList","@id":"https:\/\/muraldeaventuras.com.br\/blog\/o-clube\/parceiros\/#breadcrumb","itemListElement":[{"@type":"ListItem","position":1,"name":"In\u00edcio","item":"https:\/\/muraldeaventuras.com.br\/blog\/"},{"@type":"ListItem","position":2,"name":"O Mural","item":"https:\/\/muraldeaventuras.com.br\/blog\/o-clube\/"},{"@type":"ListItem","position":3,"name":"Parceiros"}]},{"@type":"WebSite","@id":"https:\/\/muraldeaventuras.com.br\/blog\/#website","url":"https:\/\/muraldeaventuras.com.br\/blog\/","name":"Mural de Aventuras","description":"","potentialAction":[{"@type":"SearchAction","target":{"@type":"EntryPoint","urlTemplate":"https:\/\/muraldeaventuras.com.br\/blog\/?s={search_term_string}"},"query-input":{"@type":"PropertyValueSpecification","valueRequired":true,"valueName":"search_term_string"}}],"inLanguage":"pt-BR"}]}},"jetpack_shortlink":"https:\/\/wp.me\/P9bzJR-oD","jetpack_sharing_enabled":true,"_links":{"self":[{"href":"https:\/\/muraldeaventuras.com.br\/blog\/wp-json\/wp\/v2\/pages\/1527","targetHints":{"allow":["GET"]}}],"collection":[{"href":"https:\/\/muraldeaventuras.com.br\/blog\/wp-json\/wp\/v2\/pages"}],"about":[{"href":"https:\/\/muraldeaventuras.com.br\/blog\/wp-json\/wp\/v2\/types\/page"}],"author":[{"embeddable":true,"href":"https:\/\/muraldeaventuras.com.br\/blog\/wp-json\/wp\/v2\/users\/3"}],"replies":[{"embeddable":true,"href":"https:\/\/muraldeaventuras.com.br\/blog\/wp-json\/wp\/v2\/comments?post=1527"}],"version-history":[{"count":39,"href":"https:\/\/muraldeaventuras.com.br\/blog\/wp-json\/wp\/v2\/pages\/1527\/revisions"}],"predecessor-version":[{"id":52242,"href":"https:\/\/muraldeaventuras.com.br\/blog\/wp-json\/wp\/v2\/pages\/1527\/revisions\/52242"}],"up":[{"embeddable":true,"href":"https:\/\/muraldeaventuras.com.br\/blog\/wp-json\/wp\/v2\/pages\/14"}],"wp:attachment":[{"href":"https:\/\/muraldeaventuras.com.br\/blog\/wp-json\/wp\/v2\/media?parent=1527"}],"curies":[{"name":"wp","href":"https:\/\/api.w.org\/{rel}","templated":true}]}}