{"id":1523,"date":"2017-06-07T17:37:00","date_gmt":"2017-06-07T20:37:00","guid":{"rendered":"http:\/\/muraldeaventuras.com.br\/\/muralistas"},"modified":"2021-10-20T18:18:25","modified_gmt":"2021-10-20T21:18:25","slug":"coordenacao","status":"publish","type":"page","link":"https:\/\/muraldeaventuras.com.br\/blog\/o-clube\/coordenacao\/","title":{"rendered":"Equipe Parceira"},"content":{"rendered":"\n<div class=\"wp-block-group\"><div class=\"wp-block-group__inner-container is-layout-flow wp-block-group-is-layout-flow\">\n<div class=\"wp-block-group\"><div class=\"wp-block-group__inner-container is-layout-flow wp-block-group-is-layout-flow\">\n<div class=\"wp-block-media-text alignwide\"><figure class=\"wp-block-media-text__media\"><img loading=\"lazy\" decoding=\"async\" width=\"691\" height=\"691\" data-attachment-id=\"51977\" data-permalink=\"https:\/\/muraldeaventuras.com.br\/blog\/o-clube\/coordenacao\/img-20201124-wa0019\/\" data-orig-file=\"https:\/\/muraldeaventuras.com.br\/blog\/wp-content\/uploads\/2021\/01\/IMG-20201124-WA0019.jpg\" data-orig-size=\"691,691\" data-comments-opened=\"1\" data-image-meta=\"{&quot;aperture&quot;:&quot;0&quot;,&quot;credit&quot;:&quot;&quot;,&quot;camera&quot;:&quot;&quot;,&quot;caption&quot;:&quot;&quot;,&quot;created_timestamp&quot;:&quot;1606218353&quot;,&quot;copyright&quot;:&quot;&quot;,&quot;focal_length&quot;:&quot;0&quot;,&quot;iso&quot;:&quot;0&quot;,&quot;shutter_speed&quot;:&quot;0&quot;,&quot;title&quot;:&quot;&quot;,&quot;orientation&quot;:&quot;1&quot;}\" data-image-title=\"IMG-20201124-WA0019\" data-image-description=\"\" data-image-caption=\"\" data-medium-file=\"https:\/\/muraldeaventuras.com.br\/blog\/wp-content\/uploads\/2021\/01\/IMG-20201124-WA0019-300x300.jpg\" data-large-file=\"https:\/\/muraldeaventuras.com.br\/blog\/wp-content\/uploads\/2021\/01\/IMG-20201124-WA0019.jpg\" src=\"http:\/\/muraldeaventuras.com.br\/blog\/wp-content\/uploads\/2021\/01\/IMG-20201124-WA0019.jpg\" alt=\"\" class=\"wp-image-51977\" srcset=\"https:\/\/muraldeaventuras.com.br\/blog\/wp-content\/uploads\/2021\/01\/IMG-20201124-WA0019.jpg 691w, https:\/\/muraldeaventuras.com.br\/blog\/wp-content\/uploads\/2021\/01\/IMG-20201124-WA0019-300x300.jpg 300w, https:\/\/muraldeaventuras.com.br\/blog\/wp-content\/uploads\/2021\/01\/IMG-20201124-WA0019-150x150.jpg 150w, https:\/\/muraldeaventuras.com.br\/blog\/wp-content\/uploads\/2021\/01\/IMG-20201124-WA0019-270x270.jpg 270w, https:\/\/muraldeaventuras.com.br\/blog\/wp-content\/uploads\/2021\/01\/IMG-20201124-WA0019-600x600.jpg 600w, https:\/\/muraldeaventuras.com.br\/blog\/wp-content\/uploads\/2021\/01\/IMG-20201124-WA0019-100x100.jpg 100w\" sizes=\"auto, (max-width: 691px) 100vw, 691px\" \/><\/figure><div class=\"wp-block-media-text__content\">\n<h3 class=\"wp-block-heading\">ELSON SIQUARA<\/h3>\n\n\n\n<h4 class=\"wp-block-heading\">Coordenador e Guia<\/h4>\n<\/div><\/div>\n\n\n\n<p class=\"has-text-align-justify\">Analista de sistemas e fundador do Mural de Aventuras, possui 15 anos de experi\u00eancia em ciclismo, na realiza\u00e7\u00e3o de pedais urbanos e em trilhas, cicloaventuras, cicloturismos, expedi\u00e7\u00f5es e outros eventos no Brasil e no exterior, atendendo desde ciclistas iniciantes at\u00e9 aos mais avan\u00e7ados. Coordena oficinas, treinos e pedais recreativos com objetivo de incentivar a prepara\u00e7\u00e3o f\u00edsica e t\u00e9cnica.<br>Tem o ciclismo como atividade principal, deixando de ter a bicicleta como hobby para ser um profissional das duas rodas.<\/p>\n\n\n\n<div class=\"wp-block-media-text alignwide\"><figure class=\"wp-block-media-text__media\"><img loading=\"lazy\" decoding=\"async\" width=\"900\" height=\"900\" data-attachment-id=\"52149\" data-permalink=\"https:\/\/muraldeaventuras.com.br\/blog\/o-clube\/coordenacao\/foltz-3\/\" data-orig-file=\"https:\/\/muraldeaventuras.com.br\/blog\/wp-content\/uploads\/2021\/10\/Foltz.jpg\" data-orig-size=\"900,900\" data-comments-opened=\"1\" data-image-meta=\"{&quot;aperture&quot;:&quot;0&quot;,&quot;credit&quot;:&quot;&quot;,&quot;camera&quot;:&quot;&quot;,&quot;caption&quot;:&quot;&quot;,&quot;created_timestamp&quot;:&quot;0&quot;,&quot;copyright&quot;:&quot;&quot;,&quot;focal_length&quot;:&quot;0&quot;,&quot;iso&quot;:&quot;0&quot;,&quot;shutter_speed&quot;:&quot;0&quot;,&quot;title&quot;:&quot;&quot;,&quot;orientation&quot;:&quot;0&quot;}\" data-image-title=\"Foltz\" data-image-description=\"\" data-image-caption=\"\" data-medium-file=\"https:\/\/muraldeaventuras.com.br\/blog\/wp-content\/uploads\/2021\/10\/Foltz-300x300.jpg\" data-large-file=\"https:\/\/muraldeaventuras.com.br\/blog\/wp-content\/uploads\/2021\/10\/Foltz.jpg\" src=\"http:\/\/muraldeaventuras.com.br\/blog\/wp-content\/uploads\/2021\/10\/Foltz.jpg\" alt=\"\" class=\"wp-image-52149\" srcset=\"https:\/\/muraldeaventuras.com.br\/blog\/wp-content\/uploads\/2021\/10\/Foltz.jpg 900w, https:\/\/muraldeaventuras.com.br\/blog\/wp-content\/uploads\/2021\/10\/Foltz-300x300.jpg 300w, https:\/\/muraldeaventuras.com.br\/blog\/wp-content\/uploads\/2021\/10\/Foltz-150x150.jpg 150w, https:\/\/muraldeaventuras.com.br\/blog\/wp-content\/uploads\/2021\/10\/Foltz-768x768.jpg 768w, https:\/\/muraldeaventuras.com.br\/blog\/wp-content\/uploads\/2021\/10\/Foltz-270x270.jpg 270w, https:\/\/muraldeaventuras.com.br\/blog\/wp-content\/uploads\/2021\/10\/Foltz-600x600.jpg 600w, https:\/\/muraldeaventuras.com.br\/blog\/wp-content\/uploads\/2021\/10\/Foltz-100x100.jpg 100w\" sizes=\"auto, (max-width: 900px) 100vw, 900px\" \/><\/figure><div class=\"wp-block-media-text__content\">\n<h3 class=\"wp-block-heading\"><strong>ANDR\u00c9 FOLTZ<\/strong><br><\/h3>\n\n\n\n<h4 class=\"wp-block-heading\">Guia<\/h4>\n\n\n\n<p><\/p>\n<\/div><\/div>\n\n\n\n<p class=\"has-text-align-justify\">Profissional de TI, desde crian\u00e7a desbravava trilhas nas montanhas de Porto Alegre, primeiro a p\u00e9 e depois de bicicleta, tamb\u00e9m desde cedo aprendeu a fazer reparos em sua bicicleta. Em 2013 entrou no Mural de Aventuras e virou praticante fervoroso do MTB. Durante o servi\u00e7o militar aprendeu a fazer navega\u00e7\u00e3o e hoje usa esse conhecimento para buscar novas aventuras.  <\/p>\n\n\n\n<div class=\"wp-block-media-text alignwide\"><figure class=\"wp-block-media-text__media\"><img loading=\"lazy\" decoding=\"async\" width=\"911\" height=\"911\" data-attachment-id=\"52146\" data-permalink=\"https:\/\/muraldeaventuras.com.br\/blog\/o-clube\/coordenacao\/mara-5\/\" data-orig-file=\"https:\/\/muraldeaventuras.com.br\/blog\/wp-content\/uploads\/2021\/10\/Mara.jpg\" data-orig-size=\"911,911\" data-comments-opened=\"1\" data-image-meta=\"{&quot;aperture&quot;:&quot;0&quot;,&quot;credit&quot;:&quot;&quot;,&quot;camera&quot;:&quot;&quot;,&quot;caption&quot;:&quot;&quot;,&quot;created_timestamp&quot;:&quot;0&quot;,&quot;copyright&quot;:&quot;&quot;,&quot;focal_length&quot;:&quot;0&quot;,&quot;iso&quot;:&quot;0&quot;,&quot;shutter_speed&quot;:&quot;0&quot;,&quot;title&quot;:&quot;&quot;,&quot;orientation&quot;:&quot;0&quot;}\" data-image-title=\"Mara\" data-image-description=\"\" data-image-caption=\"\" data-medium-file=\"https:\/\/muraldeaventuras.com.br\/blog\/wp-content\/uploads\/2021\/10\/Mara-300x300.jpg\" data-large-file=\"https:\/\/muraldeaventuras.com.br\/blog\/wp-content\/uploads\/2021\/10\/Mara.jpg\" src=\"http:\/\/muraldeaventuras.com.br\/blog\/wp-content\/uploads\/2021\/10\/Mara.jpg\" alt=\"\" class=\"wp-image-52146\" srcset=\"https:\/\/muraldeaventuras.com.br\/blog\/wp-content\/uploads\/2021\/10\/Mara.jpg 911w, https:\/\/muraldeaventuras.com.br\/blog\/wp-content\/uploads\/2021\/10\/Mara-300x300.jpg 300w, https:\/\/muraldeaventuras.com.br\/blog\/wp-content\/uploads\/2021\/10\/Mara-150x150.jpg 150w, https:\/\/muraldeaventuras.com.br\/blog\/wp-content\/uploads\/2021\/10\/Mara-768x768.jpg 768w, https:\/\/muraldeaventuras.com.br\/blog\/wp-content\/uploads\/2021\/10\/Mara-270x270.jpg 270w, https:\/\/muraldeaventuras.com.br\/blog\/wp-content\/uploads\/2021\/10\/Mara-600x600.jpg 600w, https:\/\/muraldeaventuras.com.br\/blog\/wp-content\/uploads\/2021\/10\/Mara-100x100.jpg 100w\" sizes=\"auto, (max-width: 911px) 100vw, 911px\" \/><\/figure><div class=\"wp-block-media-text__content\">\n<h3 class=\"wp-block-heading\"><strong>MARAYZA RIBEIRO<\/strong><br><\/h3>\n\n\n\n<h4 class=\"wp-block-heading\">Guia<\/h4>\n\n\n\n<p><\/p>\n<\/div><\/div>\n\n\n\n<p class=\"has-text-align-justify\">Advogada de forma\u00e7\u00e3o e ciclista desde crian\u00e7a, entrou no Mural de Aventuras em 2014 e realizou diversas ciclo aventuras e expedi\u00e7\u00f5es no Brasil e no exterior (<a href=\"https:\/\/www.muraldeaventuras.com.br\/muralistas\/93\">veja mais<\/a>). Aventura \u00e9 seu sobrenome! Sempre de boa e superando os limites! Brocar e curtir \u00e9 seu lema. <\/p>\n\n\n\n<div class=\"wp-block-media-text alignwide\"><figure class=\"wp-block-media-text__media\"><img loading=\"lazy\" decoding=\"async\" width=\"798\" height=\"800\" data-attachment-id=\"51986\" data-permalink=\"https:\/\/muraldeaventuras.com.br\/blog\/o-clube\/coordenacao\/rei3\/\" data-orig-file=\"https:\/\/muraldeaventuras.com.br\/blog\/wp-content\/uploads\/2021\/01\/Rei3.jpg\" data-orig-size=\"798,800\" data-comments-opened=\"1\" data-image-meta=\"{&quot;aperture&quot;:&quot;0&quot;,&quot;credit&quot;:&quot;&quot;,&quot;camera&quot;:&quot;&quot;,&quot;caption&quot;:&quot;&quot;,&quot;created_timestamp&quot;:&quot;0&quot;,&quot;copyright&quot;:&quot;&quot;,&quot;focal_length&quot;:&quot;0&quot;,&quot;iso&quot;:&quot;0&quot;,&quot;shutter_speed&quot;:&quot;0&quot;,&quot;title&quot;:&quot;&quot;,&quot;orientation&quot;:&quot;0&quot;}\" data-image-title=\"Rei3\" data-image-description=\"\" data-image-caption=\"\" data-medium-file=\"https:\/\/muraldeaventuras.com.br\/blog\/wp-content\/uploads\/2021\/01\/Rei3-300x300.jpg\" data-large-file=\"https:\/\/muraldeaventuras.com.br\/blog\/wp-content\/uploads\/2021\/01\/Rei3.jpg\" src=\"http:\/\/muraldeaventuras.com.br\/blog\/wp-content\/uploads\/2021\/01\/Rei3.jpg\" alt=\"\" class=\"wp-image-51986\" srcset=\"https:\/\/muraldeaventuras.com.br\/blog\/wp-content\/uploads\/2021\/01\/Rei3.jpg 798w, https:\/\/muraldeaventuras.com.br\/blog\/wp-content\/uploads\/2021\/01\/Rei3-300x300.jpg 300w, https:\/\/muraldeaventuras.com.br\/blog\/wp-content\/uploads\/2021\/01\/Rei3-150x150.jpg 150w, https:\/\/muraldeaventuras.com.br\/blog\/wp-content\/uploads\/2021\/01\/Rei3-768x770.jpg 768w, https:\/\/muraldeaventuras.com.br\/blog\/wp-content\/uploads\/2021\/01\/Rei3-270x270.jpg 270w, https:\/\/muraldeaventuras.com.br\/blog\/wp-content\/uploads\/2021\/01\/Rei3-600x602.jpg 600w, https:\/\/muraldeaventuras.com.br\/blog\/wp-content\/uploads\/2021\/01\/Rei3-100x100.jpg 100w\" sizes=\"auto, (max-width: 798px) 100vw, 798px\" \/><\/figure><div class=\"wp-block-media-text__content\">\n<h3 class=\"wp-block-heading\"><strong>REINALDO CEZIMBRA<\/strong><br><\/h3>\n\n\n\n<h4 class=\"wp-block-heading\">Guia<\/h4>\n\n\n\n<p><\/p>\n<\/div><\/div>\n\n\n\n<p class=\"has-text-align-justify\">Arquiteto de forma\u00e7\u00e3o e ciclista por paix\u00e3o, Rei, como \u00e9 conhecido, est\u00e1 no Mural desde 2010, j\u00e1 realizou diversas expedi\u00e7\u00f5es e ciclo aventuras no Brasil e no exterior. Al\u00e9m disso, \u00e9 o idealizador e s\u00f3cio do CT de Cachoeira @ct_cachoeira (<a href=\"https:\/\/www.ctcachoeira.com\/\">https:\/\/www.ctcachoeira.com\/<\/a>). <\/p>\n<\/div><\/div>\n<\/div><\/div>\n\n\n\n<div class=\"wp-block-group is-layout-flow wp-block-group-is-layout-flow\"><div class=\"wp-block-group__inner-container\"><\/div><\/div>\n","protected":false},"excerpt":{"rendered":"<p>ELSON SIQUARA Coordenador e Guia Analista de sistemas e fundador do Mural de Aventuras, possui 15 anos de experi\u00eancia em ciclismo, na realiza\u00e7\u00e3o de pedais urbanos e em trilhas, cicloaventuras, cicloturismos, expedi\u00e7\u00f5es e outros eventos no Brasil e no exterior, atendendo desde ciclistas iniciantes at\u00e9 aos mais avan\u00e7ados. Coordena oficinas, treinos e pedais recreativos com [&hellip;]<\/p>\n","protected":false},"author":3,"featured_media":0,"parent":14,"menu_order":0,"comment_status":"closed","ping_status":"closed","template":"","meta":{"_acf_changed":false,"footnotes":""},"class_list":["post-1523","page","type-page","status-publish","hentry"],"better_featured_image":null,"acf":[],"yoast_head":"<!-- This site is optimized with the Yoast SEO plugin v27.2 - https:\/\/yoast.com\/product\/yoast-seo-wordpress\/ -->\n<title>Equipe Parceira - Mural de Aventuras<\/title>\n<meta name=\"robots\" content=\"index, follow, max-snippet:-1, max-image-preview:large, max-video-preview:-1\" \/>\n<link rel=\"canonical\" href=\"https:\/\/muraldeaventuras.com.br\/blog\/o-clube\/coordenacao\/\" \/>\n<meta property=\"og:locale\" content=\"pt_BR\" \/>\n<meta property=\"og:type\" content=\"article\" \/>\n<meta property=\"og:title\" content=\"Equipe Parceira - Mural de Aventuras\" \/>\n<meta property=\"og:description\" content=\"ELSON SIQUARA Coordenador e Guia Analista de sistemas e fundador do Mural de Aventuras, possui 15 anos de experi\u00eancia em ciclismo, na realiza\u00e7\u00e3o de pedais urbanos e em trilhas, cicloaventuras, cicloturismos, expedi\u00e7\u00f5es e outros eventos no Brasil e no exterior, atendendo desde ciclistas iniciantes at\u00e9 aos mais avan\u00e7ados. Coordena oficinas, treinos e pedais recreativos com [&hellip;]\" \/>\n<meta property=\"og:url\" content=\"https:\/\/muraldeaventuras.com.br\/blog\/o-clube\/coordenacao\/\" \/>\n<meta property=\"og:site_name\" content=\"Mural de Aventuras\" \/>\n<meta property=\"article:modified_time\" content=\"2021-10-20T21:18:25+00:00\" \/>\n<meta property=\"og:image\" content=\"http:\/\/muraldeaventuras.com.br\/blog\/wp-content\/uploads\/2021\/01\/IMG-20201124-WA0019.jpg\" \/>\n<meta name=\"twitter:card\" content=\"summary_large_image\" \/>\n<meta name=\"twitter:label1\" content=\"Est. tempo de leitura\" \/>\n\t<meta name=\"twitter:data1\" content=\"1 minuto\" \/>\n<script type=\"application\/ld+json\" class=\"yoast-schema-graph\">{\"@context\":\"https:\/\/schema.org\",\"@graph\":[{\"@type\":\"WebPage\",\"@id\":\"https:\/\/muraldeaventuras.com.br\/blog\/o-clube\/coordenacao\/\",\"url\":\"https:\/\/muraldeaventuras.com.br\/blog\/o-clube\/coordenacao\/\",\"name\":\"Equipe Parceira - Mural de Aventuras\",\"isPartOf\":{\"@id\":\"https:\/\/muraldeaventuras.com.br\/blog\/#website\"},\"primaryImageOfPage\":{\"@id\":\"https:\/\/muraldeaventuras.com.br\/blog\/o-clube\/coordenacao\/#primaryimage\"},\"image\":{\"@id\":\"https:\/\/muraldeaventuras.com.br\/blog\/o-clube\/coordenacao\/#primaryimage\"},\"thumbnailUrl\":\"http:\/\/muraldeaventuras.com.br\/blog\/wp-content\/uploads\/2021\/01\/IMG-20201124-WA0019.jpg\",\"datePublished\":\"2017-06-07T20:37:00+00:00\",\"dateModified\":\"2021-10-20T21:18:25+00:00\",\"breadcrumb\":{\"@id\":\"https:\/\/muraldeaventuras.com.br\/blog\/o-clube\/coordenacao\/#breadcrumb\"},\"inLanguage\":\"pt-BR\",\"potentialAction\":[{\"@type\":\"ReadAction\",\"target\":[\"https:\/\/muraldeaventuras.com.br\/blog\/o-clube\/coordenacao\/\"]}]},{\"@type\":\"ImageObject\",\"inLanguage\":\"pt-BR\",\"@id\":\"https:\/\/muraldeaventuras.com.br\/blog\/o-clube\/coordenacao\/#primaryimage\",\"url\":\"https:\/\/muraldeaventuras.com.br\/blog\/wp-content\/uploads\/2021\/01\/IMG-20201124-WA0019.jpg\",\"contentUrl\":\"https:\/\/muraldeaventuras.com.br\/blog\/wp-content\/uploads\/2021\/01\/IMG-20201124-WA0019.jpg\",\"width\":691,\"height\":691},{\"@type\":\"BreadcrumbList\",\"@id\":\"https:\/\/muraldeaventuras.com.br\/blog\/o-clube\/coordenacao\/#breadcrumb\",\"itemListElement\":[{\"@type\":\"ListItem\",\"position\":1,\"name\":\"In\u00edcio\",\"item\":\"https:\/\/muraldeaventuras.com.br\/blog\/\"},{\"@type\":\"ListItem\",\"position\":2,\"name\":\"O Mural\",\"item\":\"https:\/\/muraldeaventuras.com.br\/blog\/o-clube\/\"},{\"@type\":\"ListItem\",\"position\":3,\"name\":\"Equipe Parceira\"}]},{\"@type\":\"WebSite\",\"@id\":\"https:\/\/muraldeaventuras.com.br\/blog\/#website\",\"url\":\"https:\/\/muraldeaventuras.com.br\/blog\/\",\"name\":\"Mural de Aventuras\",\"description\":\"\",\"potentialAction\":[{\"@type\":\"SearchAction\",\"target\":{\"@type\":\"EntryPoint\",\"urlTemplate\":\"https:\/\/muraldeaventuras.com.br\/blog\/?s={search_term_string}\"},\"query-input\":{\"@type\":\"PropertyValueSpecification\",\"valueRequired\":true,\"valueName\":\"search_term_string\"}}],\"inLanguage\":\"pt-BR\"}]}<\/script>\n<!-- \/ Yoast SEO plugin. -->","yoast_head_json":{"title":"Equipe Parceira - Mural de Aventuras","robots":{"index":"index","follow":"follow","max-snippet":"max-snippet:-1","max-image-preview":"max-image-preview:large","max-video-preview":"max-video-preview:-1"},"canonical":"https:\/\/muraldeaventuras.com.br\/blog\/o-clube\/coordenacao\/","og_locale":"pt_BR","og_type":"article","og_title":"Equipe Parceira - Mural de Aventuras","og_description":"ELSON SIQUARA Coordenador e Guia Analista de sistemas e fundador do Mural de Aventuras, possui 15 anos de experi\u00eancia em ciclismo, na realiza\u00e7\u00e3o de pedais urbanos e em trilhas, cicloaventuras, cicloturismos, expedi\u00e7\u00f5es e outros eventos no Brasil e no exterior, atendendo desde ciclistas iniciantes at\u00e9 aos mais avan\u00e7ados. Coordena oficinas, treinos e pedais recreativos com [&hellip;]","og_url":"https:\/\/muraldeaventuras.com.br\/blog\/o-clube\/coordenacao\/","og_site_name":"Mural de Aventuras","article_modified_time":"2021-10-20T21:18:25+00:00","og_image":[{"url":"http:\/\/muraldeaventuras.com.br\/blog\/wp-content\/uploads\/2021\/01\/IMG-20201124-WA0019.jpg","type":"","width":"","height":""}],"twitter_card":"summary_large_image","twitter_misc":{"Est. tempo de leitura":"1 minuto"},"schema":{"@context":"https:\/\/schema.org","@graph":[{"@type":"WebPage","@id":"https:\/\/muraldeaventuras.com.br\/blog\/o-clube\/coordenacao\/","url":"https:\/\/muraldeaventuras.com.br\/blog\/o-clube\/coordenacao\/","name":"Equipe Parceira - Mural de Aventuras","isPartOf":{"@id":"https:\/\/muraldeaventuras.com.br\/blog\/#website"},"primaryImageOfPage":{"@id":"https:\/\/muraldeaventuras.com.br\/blog\/o-clube\/coordenacao\/#primaryimage"},"image":{"@id":"https:\/\/muraldeaventuras.com.br\/blog\/o-clube\/coordenacao\/#primaryimage"},"thumbnailUrl":"http:\/\/muraldeaventuras.com.br\/blog\/wp-content\/uploads\/2021\/01\/IMG-20201124-WA0019.jpg","datePublished":"2017-06-07T20:37:00+00:00","dateModified":"2021-10-20T21:18:25+00:00","breadcrumb":{"@id":"https:\/\/muraldeaventuras.com.br\/blog\/o-clube\/coordenacao\/#breadcrumb"},"inLanguage":"pt-BR","potentialAction":[{"@type":"ReadAction","target":["https:\/\/muraldeaventuras.com.br\/blog\/o-clube\/coordenacao\/"]}]},{"@type":"ImageObject","inLanguage":"pt-BR","@id":"https:\/\/muraldeaventuras.com.br\/blog\/o-clube\/coordenacao\/#primaryimage","url":"https:\/\/muraldeaventuras.com.br\/blog\/wp-content\/uploads\/2021\/01\/IMG-20201124-WA0019.jpg","contentUrl":"https:\/\/muraldeaventuras.com.br\/blog\/wp-content\/uploads\/2021\/01\/IMG-20201124-WA0019.jpg","width":691,"height":691},{"@type":"BreadcrumbList","@id":"https:\/\/muraldeaventuras.com.br\/blog\/o-clube\/coordenacao\/#breadcrumb","itemListElement":[{"@type":"ListItem","position":1,"name":"In\u00edcio","item":"https:\/\/muraldeaventuras.com.br\/blog\/"},{"@type":"ListItem","position":2,"name":"O Mural","item":"https:\/\/muraldeaventuras.com.br\/blog\/o-clube\/"},{"@type":"ListItem","position":3,"name":"Equipe Parceira"}]},{"@type":"WebSite","@id":"https:\/\/muraldeaventuras.com.br\/blog\/#website","url":"https:\/\/muraldeaventuras.com.br\/blog\/","name":"Mural de Aventuras","description":"","potentialAction":[{"@type":"SearchAction","target":{"@type":"EntryPoint","urlTemplate":"https:\/\/muraldeaventuras.com.br\/blog\/?s={search_term_string}"},"query-input":{"@type":"PropertyValueSpecification","valueRequired":true,"valueName":"search_term_string"}}],"inLanguage":"pt-BR"}]}},"jetpack_shortlink":"https:\/\/wp.me\/P9bzJR-oz","jetpack_sharing_enabled":true,"_links":{"self":[{"href":"https:\/\/muraldeaventuras.com.br\/blog\/wp-json\/wp\/v2\/pages\/1523","targetHints":{"allow":["GET"]}}],"collection":[{"href":"https:\/\/muraldeaventuras.com.br\/blog\/wp-json\/wp\/v2\/pages"}],"about":[{"href":"https:\/\/muraldeaventuras.com.br\/blog\/wp-json\/wp\/v2\/types\/page"}],"author":[{"embeddable":true,"href":"https:\/\/muraldeaventuras.com.br\/blog\/wp-json\/wp\/v2\/users\/3"}],"replies":[{"embeddable":true,"href":"https:\/\/muraldeaventuras.com.br\/blog\/wp-json\/wp\/v2\/comments?post=1523"}],"version-history":[{"count":85,"href":"https:\/\/muraldeaventuras.com.br\/blog\/wp-json\/wp\/v2\/pages\/1523\/revisions"}],"predecessor-version":[{"id":52150,"href":"https:\/\/muraldeaventuras.com.br\/blog\/wp-json\/wp\/v2\/pages\/1523\/revisions\/52150"}],"up":[{"embeddable":true,"href":"https:\/\/muraldeaventuras.com.br\/blog\/wp-json\/wp\/v2\/pages\/14"}],"wp:attachment":[{"href":"https:\/\/muraldeaventuras.com.br\/blog\/wp-json\/wp\/v2\/media?parent=1523"}],"curies":[{"name":"wp","href":"https:\/\/api.w.org\/{rel}","templated":true}]}}